6664 is divided by 683?
27
What is the remainder when 1289 is divided by 364?
197
Calculate the remainder when 1261 is divided by 316.
313
Calculate the remainder when 63622 is divided by 129.
25
Calculate the remainder when 5614 is divided by 992.
654
What is the remainder when 4162 is divided by 2076?
10
What is the remainder when 6460 is divided by 45?
25
What is the remainder when 159899 is divided by 164?
163
Calculate the remainder when 7246 is divided by 1178.
178
Calculate the remainder when 207078 is divided by 893.
795
What is the remainder when 841850 is divided by 722?
720
What is the remainder when 360697 is divided by 261?
256
What is the remainder when 4574 is divided by 75?
74
Calculate the remainder when 9643 is divided by 1199.
51
Calculate the remainder when 152135 is divided by 20.
15
Calculate the remainder when 9604 is divided by 113.
112
Calculate the remainder when 17169 is divided by 59.
0
Calculate the remainder when 417373 is divided by 39.
34
What is the remainder when 16264 is divided by 1985?
384
Calculate the remainder when 13054 is divided by 836.
514
What is the remainder when 499 is divided by 267?
232
Calculate the remainder when 34246 is divided by 1556.
14
What is the remainder when 9125 is divided by 25?
0
What is the remainder when 634 is divided by 5?
4
What is the remainder when 304671 is divided by 50777?
9
Calculate the remainder when 2115 is divided by 313.
237
What is the remainder when 1260 is divided by 254?
244
Calculate the remainder when 6290057 is divided by 28.
25
Calculate the remainder when 22334 is divided by 2481.
5
Calculate the remainder when 68205 is divided by 147.
144
Calculate the remainder when 269757 is divided by 281.
278
Calculate the remainder when 24490 is divided by 8160.
10
What is the remainder when 57410 is divided by 396?
386
What is the remainder when 209152 is divided by 415?
407
Calculate the remainder when 1061542 is divided by 264.
262
Calculate the remainder when 126030 is divided by 92.
82
Calculate the remainder when 3340 is divided by 429.
337
Calculate the remainder when 189856 is divided by 55.
51
What is the remainder when 26129 is divided by 13043?
43
What is the remainder when 6087 is divided by 1500?
87
Calculate the remainder when 94291 is divided by 275.
241
Calculate the remainder when 89651 is divided by 129.
125
Calculate the remainder when 1777193 is divided by 202.
199
What is the remainder when 43018 is divided by 2147?
78
What is the remainder when 137616 is divided by 81?
78
Calculate the remainder when 4366 is divided by 972.
478
Calculate the remainder when 2596809 is divided by 10.
9
What is the remainder when 12350 is divided by 6154?
42
Calculate the remainder when 162628 is divided by 29.
25
Calculate the remainder when 4253 is divided by 17.
3
Calculate the remainder when 7632 is divided by 7336.
296
Calculate the remainder when 36365 is divided by 87.
86
Calculate the remainder when 56398 is divided by 51.
43
What is the remainder when 1068 is divided by 92?
56
Calculate the remainder when 3002 is divided by 586.
72
What is the remainder when 3644 is divided by 52?
4
Calculate the remainder when 13528 is divided by 167.
1
Calculate the remainder when 1319138 is divided by 1033.
1030
Calculate the remainder when 88799 is divided by 91.
74
What is the remainder when 3435 is divided by 497?
453
Calculate the remainder when 111783 is divided by 89.
88
What is the remainder when 52770 is divided by 9?
3
What is the remainder when 9448 is divided by 30?
28
Calculate the remainder when 213648 is divided by 2574.
6
Calculate the remainder when 2617 is divided by 133.
90
Calculate the remainder when 2869 is divided by 5.
4
What is the remainder when 34239 is divided by 2445?
9
Calculate the remainder when 22099 is divided by 5486.
155
What is the remainder when 25918 is divided by 22?
2
Calculate the remainder when 139185 is divided by 178.
167
What is the remainder when 1911 is divided by 481?
468
Calculate the remainder when 1835 is divided by 8.
3
Calculate the remainder when 2592 is divided by 550.
392
What is the remainder when 1504809 is divided by 1154?
1147
What is the remainder when 28807 is divided by 113?
105
Calculate the remainder when 10804 is divided by 150.
4
What is the remainder when 101385 is divided by 213?
210
Calculate the remainder when 30128 is divided by 80.
48
Calculate the remainder when 11251 is divided by 221.
201
What is the remainder when 97804 is divided by 82?
60
What is the remainder when 129930 is divided by 2202?
12
Calculate the remainder when 4264 is divided by 543.
463
Calculate the remainder when 2952 is divided by 2844.
108
Calculate the remainder when 31976 is divided by 13.
9
What is the remainder when 24393 is divided by 2704?
57
What is the remainder when 35133 is divided by 2342?
3
Calculate the remainder when 35948 is divided by 288.
236
What is the remainder when 6304 is divided by 166?
162
Calculate the remainder when 15913 is divided by 7922.
69
What is the remainder when 1330504 is divided by 1161?
1159
What is the remainder when 530702 is divided by 89?
84
What is the remainder when 74215 is divided by 18549?
19
Calculate the remainder when 4801 is divided by 599.
9
Calculate the remainder when 93251 is divided by 2824.
59
What is the remainder when 2692 is divided by 7?
4
What is the remainder when 26018 is divided by 1369?
7
Calculate the remainder when 11803 is divided by 2004.
1783
Calculate the remainder when 25189 is divided by 442.
437
Calculate the remainder when 463977 is divided by 19.
16
What is the remainder when 5656 is divided by 2806?
44
Calculate the remainder when 10659 is divided by 665.
19
What is the remainder when 48799 is divided by 13?
10
Calculate the remainder when 120347 is divided by 388.
67
Calculate the remainder when 787 is divided by 42.
31
What is the remainder when 86094 is divided by 14342?
42
Calculate the remainder when 60646 is divided by 266.
264
What is the remainder when 2483 is divided by 256?
179
Calculate the remainder when 4049 is divided by 38.
21
What is the remainder when 1071 is divided by 843?
228
Calculate the remainder when 3351 is divided by 1644.
63
Calculate the remainder when 2013 is divided by 91.
11
Calculate the remainder when 154172 is divided by 326.
300
Calculate the remainder when 651244 is divided by 115.
114
What is the remainder when 3439 is divided by 1451?
537
Calculate the remainder when 10829 is divided by 820.
169
What is the remainder when 40700 is divided by 94?
92
What is the remainder when 91243 is divided by 86?
83
What is the remainder when 21748 is divided by 56?
20
Calculate the remainder when 32651 is divided by 1052.
39
Calculate the remainder when 1502 is divided by 101.
88
Calculate the remainder when 23009 is divided by 2556.
5
Calculate the remainder when 40753 is divided by 209.
207
What is the remainder when 412671 is divided by 827?
825
Calculate the remainder when 32431 is divided by 5386.
115
Calculate the remainder when 103787 is divided by 27.
26
Calculate the remainder when 5973 is divided by 335.
278
Calculate the remainder when 39628 is divided by 39625.
3
Calculate the remainder when 223571 is divided by 55.
51
What is the remainder when 12582 is divided by 12572?
10
Calculate the remainder when 364422 is divided by 113.
110
What is the remainder when 17283 is divided by 1987?
1387
What is the remainder when 6569 is divided by 382?
75
What is the remainder when 42257 is divided by 10?
7
What is the remainder when 4201 is divided by 4201?
0
What is the remainder when 69297 is divided by 2230?
167
Calculate the remainder when 5261 is divided by 59.
10
What is the remainder when 3093 is divided by 1495?
103
Calculate the remainder when 251441 is divided by 549.
548
What is the remainder when 2008 is divided by 43?
30
What is the remainder when 2169 is divided by 1729?
440
Calculate the remainder when 5360 is divided by 744.
152
What is the remainder when 23174 is divided by 16?
6
Calculate the remainder when 1311 is divided by 156.
63
What is the remainder when 2014 is divided by 13?
12
What is the remainder when 963 is divided by 51?
45
What is the remainder when 5477 is divided by 667?
141
What is th